{"id":529,"date":"2016-08-17T13:56:52","date_gmt":"2016-08-17T13:56:52","guid":{"rendered":"http:\/\/electrocaddy.com\/?page_id=529"},"modified":"2025-09-17T14:29:39","modified_gmt":"2025-09-17T14:29:39","slug":"prueba","status":"publish","type":"page","link":"https:\/\/electrocaddy.com\/","title":{"rendered":"ELECTROcaddy"},"content":{"rendered":"\n\t\t\t\t<a href=\"http:\/\/electrocaddy.com\/?page_id=36\" target=\"_self\" itemprop=\"url\">\n\t\t\t\t<img decoding=\"async\" src=\"http:\/\/electrocaddy.com\/wp-content\/uploads\/2018\/09\/GT7_Link-2.png\" alt=\"GT7_Link-2\" itemprop=\"image\"  \/>\n\t\t\t\t<\/a>\n\t\t\t\t<a href=\"http:\/\/electrocaddy.com\/?page_id=38\" target=\"_self\" itemprop=\"url\">\n\t\t\t\t<img decoding=\"async\" src=\"http:\/\/electrocaddy.com\/wp-content\/uploads\/2018\/09\/PUSH2.0_Link-2.png\" alt=\"PUSH2.0_Link-2\" itemprop=\"image\"  \/>\n\t\t\t\t<\/a>\n\t\t\t\t<a href=\"http:\/\/electrocaddy.com\/?page_id=260\" target=\"_self\" itemprop=\"url\">\n\t\t\t\t<img decoding=\"async\" src=\"http:\/\/electrocaddy.com\/wp-content\/uploads\/2016\/04\/Accesorios_Link2b.png\" alt=\"Accesorios_Link2b\" itemprop=\"image\"  \/>\n\t\t\t\t<\/a>\n\t\t\t\t<img decoding=\"async\" src=\"http:\/\/electrocaddy.com\/wp-content\/uploads\/2016\/08\/Repuestos-2.png\" alt=\"Repuestos-2\" itemprop=\"image\"  \/>\n\t<h3 style=\"text-align: left;\">Bienvenidos a ELECTROCADDY <\/h3><h3 style=\"text-align: left;\">Power<strong>Bug<\/strong> Argentina<\/h3><h3 style=\"text-align: justify;\">\u00a0<\/h3><h3 style=\"text-align: justify;\"><strong>PowerBug<\/strong> fue fundada en Inglaterra en el a\u00f1o 2003 para ofrecer lo mejor en dise\u00f1o, fabricaci\u00f3n y funcionalidad a los golfistas de todas las edades y habilidades buscando carros de golf confiables y de alta performance.<\/h3><h3 style=\"text-align: justify;\">En los \u00faltimos a\u00f1os, <strong>PowerBug<\/strong> ha construido una s\u00f3lida reputaci\u00f3n entre los consumidores gracias a la investigaci\u00f3n de nuevos materiales, como el aluminio aeron\u00e1utico para sus estructuras met\u00e1licas, y el Litio para las bater\u00edas de alto rendimiento.<\/h3><h3 style=\"text-align: justify;\">Actualmente <strong>PowerBug<\/strong> es lider de ventas en el Reino Unido, con presencia en m\u00e1s de 10 pa\u00edses en Europa. <br \/><\/h3><h3 style=\"text-align: justify;\">En Argentina, <strong>PowerBug<\/strong> est\u00e1 representada a trav\u00e9s de <strong>ELECTROCADDY<\/strong>, empresa dedicada exclusivamente a la comercializaci\u00f3n de carros de golf el\u00e9ctricos y manuales. Esta dedicaci\u00f3n nos permite enfocarnos especialmente en el asesoramiento comercial y t\u00e9cnico a nuestros clientes, garantizando una absoluta continuidad en el servicio post-venta.<\/h3>\n\t<hr \/><p><strong>MEDIOS DE PAGO<br \/><\/strong><\/p>\n\t\t\t\t<a href=\"https:\/\/www.mercadopago.com.ar\/cuotas\" target=\"_blank\" itemprop=\"url\">\n\t\t\t\t<img decoding=\"async\" src=\"http:\/\/electrocaddy.com\/wp-content\/uploads\/2018\/09\/Formas-de-pago-Mercado-Pago2.jpg\" alt=\"Formas-de-pago-Mercado-Pago2\" itemprop=\"image\"  \/>\n\t\t\t\t<\/a>\n\t<hr \/><p><strong>ENVIOS<\/strong><\/p><h3>Gratis a todo el pa\u00eds para el GT7<br \/><\/h3>\n\t\t\t\t<img decoding=\"async\" src=\"http:\/\/electrocaddy.com\/wp-content\/uploads\/2018\/09\/Envios-x-OCA.jpg\" alt=\"Envios x OCA\" itemprop=\"image\"  \/>\n\t<hr \/><p><strong>CONTACTO<\/strong><\/p>\n\t\t\t\t<img decoding=\"async\" src=\"http:\/\/electrocaddy.com\/wp-content\/uploads\/2018\/09\/Contactos3.jpg\" alt=\"Contactos3\" itemprop=\"image\"  \/>\n\t","protected":false},"excerpt":{"rendered":"<p>Bienvenidos a ELECTROCADDY PowerBug Argentina \u00a0 PowerBug fue fundada en Inglaterra en el a\u00f1o 2003 para ofrecer lo mejor en dise\u00f1o, fabricaci\u00f3n y funcionalidad a los golfistas de todas las edades y habilidades buscando carros de golf confiables y de alta performance. En los \u00faltimos a\u00f1os, PowerBug ha construido una s\u00f3lida reputaci\u00f3n entre los consumidores <a class=\"moretag\" href=\"https:\/\/electrocaddy.com\/\">Read More &#8230;<\/a><\/p>\n","protected":false},"author":1,"featured_media":0,"parent":0,"menu_order":0,"comment_status":"closed","ping_status":"closed","template":"full-width-page.php","meta":{"_exactmetrics_skip_tracking":false,"_exactmetrics_sitenote_active":false,"_exactmetrics_sitenote_note":"","_exactmetrics_sitenote_category":0,"footnotes":""},"class_list":["post-529","page","type-page","status-publish","hentry"],"yoast_head":"<!-- This site is optimized with the Yoast SEO plugin v25.0 - https:\/\/yoast.com\/wordpress\/plugins\/seo\/ -->\r\n<title>ELECTROcaddy | ELECTROcaddy<\/title>\r\n<meta name=\"description\" content=\"Carritos de Golf Electricos Representante Exclusivo de PowerBug England\" \/>\r\n<meta name=\"robots\" content=\"index, follow, max-snippet:-1, max-image-preview:large, max-video-preview:-1\" \/>\r\n<link rel=\"canonical\" href=\"https:\/\/electrocaddy.com\/\" \/>\r\n<meta property=\"og:locale\" content=\"en_US\" \/>\r\n<meta property=\"og:type\" content=\"article\" \/>\r\n<meta property=\"og:title\" content=\"ELECTROcaddy | ELECTROcaddy\" \/>\r\n<meta property=\"og:description\" content=\"Carritos de Golf Electricos Representante Exclusivo de PowerBug England\" \/>\r\n<meta property=\"og:url\" content=\"https:\/\/electrocaddy.com\/\" \/>\r\n<meta property=\"og:site_name\" content=\"ELECTROcaddy\" \/>\r\n<meta property=\"article:modified_time\" content=\"2025-09-17T14:29:39+00:00\" \/>\r\n<meta property=\"og:image\" content=\"http:\/\/electrocaddy.com\/wp-content\/uploads\/2018\/09\/GT7_Link-2.png\" \/>\r\n<meta name=\"twitter:card\" content=\"summary_large_image\" \/>\r\n<meta name=\"twitter:label1\" content=\"Est. reading time\" \/>\n\t<meta name=\"twitter:data1\" content=\"3 minutes\" \/>\r\n<script type=\"application\/ld+json\" class=\"yoast-schema-graph\">{\"@context\":\"https:\/\/schema.org\",\"@graph\":[{\"@type\":\"WebPage\",\"@id\":\"https:\/\/electrocaddy.com\/\",\"url\":\"https:\/\/electrocaddy.com\/\",\"name\":\"ELECTROcaddy | ELECTROcaddy\",\"isPartOf\":{\"@id\":\"https:\/\/electrocaddy.com\/#website\"},\"primaryImageOfPage\":{\"@id\":\"https:\/\/electrocaddy.com\/#primaryimage\"},\"image\":{\"@id\":\"https:\/\/electrocaddy.com\/#primaryimage\"},\"thumbnailUrl\":\"http:\/\/electrocaddy.com\/wp-content\/uploads\/2018\/09\/GT7_Link-2.png\",\"datePublished\":\"2016-08-17T13:56:52+00:00\",\"dateModified\":\"2025-09-17T14:29:39+00:00\",\"description\":\"Carritos de Golf Electricos Representante Exclusivo de PowerBug England\",\"breadcrumb\":{\"@id\":\"https:\/\/electrocaddy.com\/#breadcrumb\"},\"inLanguage\":\"en-US\",\"potentialAction\":[{\"@type\":\"ReadAction\",\"target\":[\"https:\/\/electrocaddy.com\/\"]}]},{\"@type\":\"ImageObject\",\"inLanguage\":\"en-US\",\"@id\":\"https:\/\/electrocaddy.com\/#primaryimage\",\"url\":\"https:\/\/electrocaddy.com\/wp-content\/uploads\/2018\/09\/GT7_Link-2.png\",\"contentUrl\":\"https:\/\/electrocaddy.com\/wp-content\/uploads\/2018\/09\/GT7_Link-2.png\",\"width\":196,\"height\":349},{\"@type\":\"BreadcrumbList\",\"@id\":\"https:\/\/electrocaddy.com\/#breadcrumb\",\"itemListElement\":[{\"@type\":\"ListItem\",\"position\":1,\"name\":\"Home\",\"item\":\"https:\/\/electrocaddy.com\/\"},{\"@type\":\"ListItem\",\"position\":2,\"name\":\"ELECTROcaddy\"}]},{\"@type\":\"WebSite\",\"@id\":\"https:\/\/electrocaddy.com\/#website\",\"url\":\"https:\/\/electrocaddy.com\/\",\"name\":\"ELECTROcaddy\",\"description\":\"Carritos de Golf - Oficial Retailer PowerBug Argentina - Golf Argentina - Carros de Golf Electricos Argentina\",\"potentialAction\":[{\"@type\":\"SearchAction\",\"target\":{\"@type\":\"EntryPoint\",\"urlTemplate\":\"https:\/\/electrocaddy.com\/?s={search_term_string}\"},\"query-input\":{\"@type\":\"PropertyValueSpecification\",\"valueRequired\":true,\"valueName\":\"search_term_string\"}}],\"inLanguage\":\"en-US\"}]}<\/script>\r\n<!-- \/ Yoast SEO plugin. -->","yoast_head_json":{"title":"ELECTROcaddy | ELECTROcaddy","description":"Carritos de Golf Electricos Representante Exclusivo de PowerBug England","robots":{"index":"index","follow":"follow","max-snippet":"max-snippet:-1","max-image-preview":"max-image-preview:large","max-video-preview":"max-video-preview:-1"},"canonical":"https:\/\/electrocaddy.com\/","og_locale":"en_US","og_type":"article","og_title":"ELECTROcaddy | ELECTROcaddy","og_description":"Carritos de Golf Electricos Representante Exclusivo de PowerBug England","og_url":"https:\/\/electrocaddy.com\/","og_site_name":"ELECTROcaddy","article_modified_time":"2025-09-17T14:29:39+00:00","og_image":[{"url":"http:\/\/electrocaddy.com\/wp-content\/uploads\/2018\/09\/GT7_Link-2.png","type":"","width":"","height":""}],"twitter_card":"summary_large_image","twitter_misc":{"Est. reading time":"3 minutes"},"schema":{"@context":"https:\/\/schema.org","@graph":[{"@type":"WebPage","@id":"https:\/\/electrocaddy.com\/","url":"https:\/\/electrocaddy.com\/","name":"ELECTROcaddy | ELECTROcaddy","isPartOf":{"@id":"https:\/\/electrocaddy.com\/#website"},"primaryImageOfPage":{"@id":"https:\/\/electrocaddy.com\/#primaryimage"},"image":{"@id":"https:\/\/electrocaddy.com\/#primaryimage"},"thumbnailUrl":"http:\/\/electrocaddy.com\/wp-content\/uploads\/2018\/09\/GT7_Link-2.png","datePublished":"2016-08-17T13:56:52+00:00","dateModified":"2025-09-17T14:29:39+00:00","description":"Carritos de Golf Electricos Representante Exclusivo de PowerBug England","breadcrumb":{"@id":"https:\/\/electrocaddy.com\/#breadcrumb"},"inLanguage":"en-US","potentialAction":[{"@type":"ReadAction","target":["https:\/\/electrocaddy.com\/"]}]},{"@type":"ImageObject","inLanguage":"en-US","@id":"https:\/\/electrocaddy.com\/#primaryimage","url":"https:\/\/electrocaddy.com\/wp-content\/uploads\/2018\/09\/GT7_Link-2.png","contentUrl":"https:\/\/electrocaddy.com\/wp-content\/uploads\/2018\/09\/GT7_Link-2.png","width":196,"height":349},{"@type":"BreadcrumbList","@id":"https:\/\/electrocaddy.com\/#breadcrumb","itemListElement":[{"@type":"ListItem","position":1,"name":"Home","item":"https:\/\/electrocaddy.com\/"},{"@type":"ListItem","position":2,"name":"ELECTROcaddy"}]},{"@type":"WebSite","@id":"https:\/\/electrocaddy.com\/#website","url":"https:\/\/electrocaddy.com\/","name":"ELECTROcaddy","description":"Carritos de Golf - Oficial Retailer PowerBug Argentina - Golf Argentina - Carros de Golf Electricos Argentina","potentialAction":[{"@type":"SearchAction","target":{"@type":"EntryPoint","urlTemplate":"https:\/\/electrocaddy.com\/?s={search_term_string}"},"query-input":{"@type":"PropertyValueSpecification","valueRequired":true,"valueName":"search_term_string"}}],"inLanguage":"en-US"}]}},"_links":{"self":[{"href":"https:\/\/electrocaddy.com\/index.php?rest_route=\/wp\/v2\/pages\/529","targetHints":{"allow":["GET"]}}],"collection":[{"href":"https:\/\/electrocaddy.com\/index.php?rest_route=\/wp\/v2\/pages"}],"about":[{"href":"https:\/\/electrocaddy.com\/index.php?rest_route=\/wp\/v2\/types\/page"}],"author":[{"embeddable":true,"href":"https:\/\/electrocaddy.com\/index.php?rest_route=\/wp\/v2\/users\/1"}],"replies":[{"embeddable":true,"href":"https:\/\/electrocaddy.com\/index.php?rest_route=%2Fwp%2Fv2%2Fcomments&post=529"}],"version-history":[{"count":31,"href":"https:\/\/electrocaddy.com\/index.php?rest_route=\/wp\/v2\/pages\/529\/revisions"}],"predecessor-version":[{"id":926,"href":"https:\/\/electrocaddy.com\/index.php?rest_route=\/wp\/v2\/pages\/529\/revisions\/926"}],"wp:attachment":[{"href":"https:\/\/electrocaddy.com\/index.php?rest_route=%2Fwp%2Fv2%2Fmedia&parent=529"}],"curies":[{"name":"wp","href":"https:\/\/api.w.org\/{rel}","templated":true}]}}